{"id":2,"date":"2025-11-11T16:58:38","date_gmt":"2025-11-11T16:58:38","guid":{"rendered":"http:\/\/vogrupo.com\/?page_id=2"},"modified":"2025-11-17T22:00:31","modified_gmt":"2025-11-17T22:00:31","slug":"sample-page","status":"publish","type":"page","link":"https:\/\/vogrupo.com\/index.php\/sample-page\/","title":{"rendered":"Stock"},"content":{"rendered":"\n<p>Desde aqu\u00ed podr\u00e1s tener acceso a nuestro stock de veh\u00edculos de ocasi\u00f3n de VO Grupo<\/p>\n\n\n\n<figure class=\"wp-block-image size-large is-resized\"><img loading=\"lazy\" decoding=\"async\" width=\"1024\" height=\"441\" src=\"https:\/\/vogrupo.com\/wp-content\/uploads\/2025\/11\/LOGO-VO-ASTURIAS-2023-1024x441.jpg\" alt=\"\" class=\"wp-image-37\" style=\"width:178px;height:auto\" srcset=\"https:\/\/vogrupo.com\/wp-content\/uploads\/2025\/11\/LOGO-VO-ASTURIAS-2023-1024x441.jpg 1024w, https:\/\/vogrupo.com\/wp-content\/uploads\/2025\/11\/LOGO-VO-ASTURIAS-2023-300x129.jpg 300w, https:\/\/vogrupo.com\/wp-content\/uploads\/2025\/11\/LOGO-VO-ASTURIAS-2023-768x331.jpg 768w, https:\/\/vogrupo.com\/wp-content\/uploads\/2025\/11\/LOGO-VO-ASTURIAS-2023-1536x661.jpg 1536w, https:\/\/vogrupo.com\/wp-content\/uploads\/2025\/11\/LOGO-VO-ASTURIAS-2023-2048x882.jpg 2048w\" sizes=\"auto, (max-width: 1024px) 100vw, 1024px\" \/><\/figure>\n\n\n\n<p><\/p>\n\n\n\n<input type='hidden' id='cfg_contract' value='18774' \/><input type='hidden' id='cfg_box_title' value='VO Asturias' \/>\n  <input type='hidden' id='cfg_box_type' value='0' \/>\n  <input type='hidden' id='cfg_box' value='true' \/>\n  <input type='hidden' id='cfg_maxRows' value='10' \/>\n  <input type='hidden' id='cfg_channel' value='default' \/>\n  <script type='text\/javascript' src='\/\/publicaciones.carfactory.es\/scripts\/channels.js'><\/script>\n  <div style='width:850px'>\n  <iframe id='iframe_carfactory' width='830' height='591' frameborder='0'><\/iframe>\n  <script type='text\/javascript' language='javascript'>LoadCarfactory();<\/script><\/div>\n\n\n\n<figure class=\"wp-block-image size-large is-resized\"><a href=\"www.vozamora.com\"><img loading=\"lazy\" decoding=\"async\" width=\"1024\" height=\"451\" src=\"https:\/\/vogrupo.com\/wp-content\/uploads\/2025\/11\/logo-vo-zamora-2025-1024x451.jpg\" alt=\"\" class=\"wp-image-38\" style=\"width:185px;height:auto\" srcset=\"https:\/\/vogrupo.com\/wp-content\/uploads\/2025\/11\/logo-vo-zamora-2025-1024x451.jpg 1024w, https:\/\/vogrupo.com\/wp-content\/uploads\/2025\/11\/logo-vo-zamora-2025-300x132.jpg 300w, https:\/\/vogrupo.com\/wp-content\/uploads\/2025\/11\/logo-vo-zamora-2025-768x339.jpg 768w, https:\/\/vogrupo.com\/wp-content\/uploads\/2025\/11\/logo-vo-zamora-2025-1536x677.jpg 1536w, https:\/\/vogrupo.com\/wp-content\/uploads\/2025\/11\/logo-vo-zamora-2025.jpg 1724w\" sizes=\"auto, (max-width: 1024px) 100vw, 1024px\" \/><\/a><\/figure>\n\n\n\n<input type='hidden' id='cfg_contract' value='34052' \/><input type='hidden' id='cfg_box_title' value='VO Zamora' \/>\n  <input type='hidden' id='cfg_box_type' value='0' \/>\n  <input type='hidden' id='cfg_box' value='true' \/>\n  <input type='hidden' id='cfg_maxRows' value='10' \/>\n  <input type='hidden' id='cfg_channel' value='default' \/>\n  <script type='text\/javascript' src='\/\/publicaciones.carfactory.es\/scripts\/channels.js'><\/script>\n  <div style='width:850px'>\n  <iframe id='iframe_carfactory' width='830' height='591' frameborder='0'><\/iframe>\n  <script type='text\/javascript' language='javascript'>LoadCarfactory();<\/script><\/div>\n\n\n\n<p>\u00bfQuieres seguir creciendo con nosotros?<\/p>\n\n\n\n<p><\/p>\n","protected":false},"excerpt":{"rendered":"<p>Desde aqu\u00ed podr\u00e1s tener acceso a nuestro stock de veh\u00edculos de ocasi\u00f3n de VO Grupo \u00bfQuieres seguir creciendo con nosotros?<\/p>\n","protected":false},"author":1,"featured_media":0,"parent":0,"menu_order":0,"comment_status":"closed","ping_status":"open","template":"","meta":{"footnotes":""},"class_list":["post-2","page","type-page","status-publish","hentry"],"_links":{"self":[{"href":"https:\/\/vogrupo.com\/index.php\/wp-json\/wp\/v2\/pages\/2","targetHints":{"allow":["GET"]}}],"collection":[{"href":"https:\/\/vogrupo.com\/index.php\/wp-json\/wp\/v2\/pages"}],"about":[{"href":"https:\/\/vogrupo.com\/index.php\/wp-json\/wp\/v2\/types\/page"}],"author":[{"embeddable":true,"href":"https:\/\/vogrupo.com\/index.php\/wp-json\/wp\/v2\/users\/1"}],"replies":[{"embeddable":true,"href":"https:\/\/vogrupo.com\/index.php\/wp-json\/wp\/v2\/comments?post=2"}],"version-history":[{"count":5,"href":"https:\/\/vogrupo.com\/index.php\/wp-json\/wp\/v2\/pages\/2\/revisions"}],"predecessor-version":[{"id":58,"href":"https:\/\/vogrupo.com\/index.php\/wp-json\/wp\/v2\/pages\/2\/revisions\/58"}],"wp:attachment":[{"href":"https:\/\/vogrupo.com\/index.php\/wp-json\/wp\/v2\/media?parent=2"}],"curies":[{"name":"wp","href":"https:\/\/api.w.org\/{rel}","templated":true}]}}